12599 + 12629. Let a = 140 - 27. What is the remainder when a is divided by l?
23
Let u = 12341 + -7087. Calculate the remainder when u is divided by 18.
16
Suppose -3*y + 5*a = -477, 8 = -4*a + 20. What is the remainder when y is divided by 83?
81
Suppose 4*o - 304 = 4*t, o + 2*t - 115 = -30. Suppose -11*h + 33 + 209 = 0. What is the remainder when (3 + o)*1/2 is divided by h?
19
Let x(m) = m**3 - 6*m**2 - 3*m + 3. Let d be x(6). Let s be (18 + d)/(6/(-32)). Calculate the remainder when 8 is divided by (-2)/(-2) + (s - -20).
3
Let d(m) = -m**3 + 18*m**2 - 2*m + 14. Let b = 249 - 181. What is the remainder when d(17) is divided by b?
65
Suppose 2*p + 2*p - 12 = 0. Let u(d) = 7*d**2 - 2. Suppose 10 + 22 = m. What is the remainder when u(p) is divided by m?
29
Let g = -134 + 194. What is the remainder when 225 is divided by g?
45
Calculate the remainder when 5541 is divided by (-3260)/(-90)*(-90)/(-20).
162
Suppose -2*f + 2*g - 428 = 732, -3*g - 2884 = 5*f. Let x = f + 585. Calculate the remainder when 76 is divided by x.
6
Suppose -3*z - 2*l + 48 = -246, 3*z - 2*l - 294 = 0. Suppose 92*d + 228 = z*d. Calculate the remainder when d is divided by 5.
3
Suppose 4*s + 24 - 36 = 0. Suppose 0 = 5*f, 2*a + 2*f - 108 = -s*f. Let k(m) = 21*m - 2. What is the remainder when a is divided by k(1)?
16
Let m(j) = -148*j - 4506. Calculate the remainder when 196 is divided by m(-31).
32
Let x = 297 - 263. Let f(o) = -o**3 + 35*o**2 - 35*o + 62. What is the remainder when 88 is divided by f(x)?
4
Let d be ((-24)/(-27))/4 - (-2164)/(-18). Let y = d + 130. What is the remainder when 26 is divided by y?
6
Suppose 5*b + 9*k + 16 = 5*k, -20 = 5*k. Suppose b = 2*l - 189 - 1. What is the remainder when l is divided by 11?
7
Let u = 13201 + -11856. Calculate the remainder when u is divided by 18.
13
Suppose s + 51 = 5*o, 5*s = -o + 2*o + 9. What is the remainder when ((-59)/3)/(104/(-312)) is divided by o?
4
Suppose -2*y - 11168 = -5*x, 123*x + 5*y = 121*x + 4502. What is the remainder when x is divided by 20?
16
Let r be (2 + 1)/(11 - 75/6). Calculate the remainder when 30 is divided by 39*((-12)/9 - r).
4
Calculate the remainder when 101 is divided by (-3)/(-2 - 752/(-384)).
29
Suppose -4*m - 126 = 5*z - 819, -z - 357 = -2*m. Let a = m - 106. Suppose 4*i - 6*i = 3*g - 51, -3*g = -i - 42. What is the remainder when a is divided by g?
11
Let v = 22684 + -22669. Let q = 277 + -57. What is the remainder when q is divided by v?
10
What is the remainder when 36369/513 + (220/(-76) - -3) is divided by 7?
1
Let x(n) = n**3 - 20*n**2 + 84*n + 87. What is the remainder when 1346 is divided by x(15)?
14
Suppose -8*u + 9*u = 111. Suppose u = 4*k + 3*b, 5*k - 113 = 3*b + 46. Calculate the remainder when k + (-6 - -2) - 2/2 is divided by 13.
12
Suppose 23 + 107 = 13*f. What is the remainder when (107 + 0)*f/5 is divided by 9?
7
Let y(x) = x**3 + 10*x**2 + 12*x - 7. What is the remainder when 5/(45/(-324))*(-9)/2 is divided by y(-7)?
50
Let v = 323 + -322. Let y(b) = 29*b + 4. What is the remainder when 77 is divided by y(v)?
11
Suppose 15*i = 11*i + 8. Suppose -2*t + o + 7 = 3*t, i*t - 3*o + 5 = 0. Suppose -3*k + t*y = k - 146, k = y + 34. What is the remainder when k is divided by 14?
11
Let b = 75 - 5. Calculate the remainder when 2 + 1 - (2 + (1 - b)) is divided by 18.
16
Let c = 134 - 28. Let o = c - 85. What is the remainder when o is divided by 4/(-14) - 79/(-7)?
10
Let x(l) = -2*l**3 - 18*l**2 - 36*l - 14. What is the remainder when x(-8) is divided by 114?
32
Suppose 3*l = -4*l + 35. Let p(n) = -n**3 + 30*n**2 - 31*n + 79. Calculate the remainder when p(29) is divided by l.
1
Calculate the remainder when 1046 is divided by (-11)/3 + (-11)/((-132)/(-16)) + 38.
23
Suppose -32*j - 12813 + 14762 = -23299. Calculate the remainder when j is divided by 34.
7
Let t(q) = q + 10. Calculate the remainder when 15448/84*1 + 2/21 is divided by t(17).
22
Suppose 15*t - 10 = 155. Suppose -3*i - 48 = -t*i. Calculate the remainder when 45 is divided by i.
3
Let s(w) = w**3 - 22*w**2 + 36*w + 56. What is the remainder when s(21) is divided by 39?
20
Let j = 35356 + -35260. What is the remainder when 1915 is divided by j?
91
Suppose -59614 = -99*b - 11599. What is the remainder when b is divided by 483?
2
Suppose 2*n + 2 = 0, -11 = -p - 3*p - n. Suppose p*t = -31 + 82. What is the remainder when t is divided by 10?
7
Suppose -6*u + 20456 - 19550 = 0. What is the remainder when u is divided by 54?
43
Let p(k) = -k**2 + 37*k - 202. Suppose 0 = 4*b - 17 - 35. What is the remainder when p(8) is divided by b?
4
Let c(k) = k**3 + 22*k**2 + 51*k - 40. What is the remainder when c(-19) is divided by 11?
8
Let x(w) = w**3 - 17*w**2 - 60*w + 135. Calculate the remainder when 717 is divided by x(20).
42
Suppose 0 = -4*x + 4, 3*p + 0*x - 5*x + 5 = 0. Suppose p*z - 90 = -5*z. Let k = -1596 + 1641. Calculate the remainder when k is divided by z.
9
Suppose 0 = -5*v + 5*r + 890, 158*v - 157*v - 2*r - 177 = 0. Calculate the remainder when v is divided by 19.
8
Let d = -7 + 18. Suppose 48*r - 62*r - 270 = -32*r. What is the remainder when r is divided by d?
4
Suppose 3*y = 4*b + 122, 2*y + 115*b - 110*b = 43. What is the remainder when 199 is divided by y?
29
Let c = 8216 - 8189. Suppose 2*p - 24 = 5*h, -p + h = -0*h - 6. Suppose -4*q + 170 = p*r, -r + 3*q + 2*q = -50. Calculate the remainder when r is divided by c.
21
Suppose 17 = g + 3*l, -3*g + 5*l - 7*l + 86 = 0. Suppose 5*q = -3*c + 68, -6*c + 2*c = -q + g. What is the remainder when 91 is divided by q?
11
What is the remainder when (-3 - 0)*(-301)/42*4 is divided by (1/4*-25)/((-185)/296)?
6
Let l = 119 + -71. Let c = l + 47. What is the remainder when c is divided by (6/9)/(2 + 14 + 334242/(-20925))?
20
Suppose -5*o + 4*h = -399, -4*o + 4*h + 228 = -88. Calculate the remainder when 1153 is divided by o.
74
Suppose 2*x + 2*x = 44. Let f(u) = 7*u - 3. Let l be f(1). Suppose -5*h - l*o = -65, h + h = 5*o - 7. What is the remainder when x is divided by h?
2
Suppose -6*f - 140 = -452. Let c be (-26)/(-8) + (-3)/12. Suppose -2*q = -6, 6*x - c*x + 4*q - 93 = 0. Calculate the remainder when f is divided by x.
25
Let x(z) = -3*z**3 - 4*z**2 - 3*z - 1. Let u(l) = -216*l + 6731. What is the remainder when u(31) is divided by x(-2)?
9
Suppose -640*w + 628*w = -360. Calculate the remainder when 106 is divided by w.
16
Let p be ((-2)/3)/(2/33). Let w(s) = s**3 + 10*s**2 - 12*s - 3. Let i(c) = -648*c + 15. What is the remainder when i(0) is divided by w(p)?
7
Suppose 91 + 39 = -13*j. Let q be ((-6)/(-4))/((-15)/j*1). What is the remainder when 35 is divided by 3/(-36)*-39 - q/4?
2
What is the remainder when 301 is divided by 114*(6 - (-140)/(-24))?
16
Suppose 2*c = 8*c - 66. Suppose -2*k = 5*m - 149, -2*k = m + 3*m - 154. Let d = k + -68. Calculate the remainder when d is divided by c.
8
What is the remainder when (-2)/((-3784)/539 - -7) is divided by 10?
8
Let s = 344 + -347. Let c(d) = -d**3 - 3*d**2 + 12. Calculate the remainder when 66 is divided by c(s).
6
Let j(c) = -7*c - 35. Let u be j(-8). Suppose 120 = -u*g + 834. Calculate the remainder when 164 is divided by g.
28
Let h(x) = 2*x**2 - 1528*x - 15291. Calculate the remainder when h(-10) is divided by 47 - (0 + -1)*1.
45
Suppose 0 = -4*w - 2290 + 2510. Calculate the remainder when 998 is divided by w.
8
Let d = -11785 - -11821. Suppose 0*t = -7*t + 7. What is the remainder when d is divided by t?
0
Let q(s) = 7317*s + 58544. Let a = 6 - 3. Calculate the remainder when 1/a*(-93)/(-1) is divided by q(-8).
7
Let j be -2*(1 + (-2)/1). Suppose 3*b - 635 = -5*f, 2*b = f - j*b - 104. Let y(o) = -21*o**2 - 750*o + 258. What is the remainder when f is divided by y(-36)?
40
Let v be -2*3 + 0/(2 + 2). Let h be v*(20/(-90) - (-16)/18). Let z(r) = -3*r - 7. What is the remainder when 42 is divided by z(h)?
2
Let r = -33 + 68. Suppose i + d = 1, 4*i + 4*d - 1 = i. Suppose -5*v = 2*u + 2, -48 + 9 = -3*u + i*v. What is the remainder when r is divided by u?
8
Let m be 27 + (-3 - (-1 + 0)). Suppose m*o - 220 = 3*o. Let l(q) = 2*q**3 - 5*q**2 + 4*q + 3. What is the remainder when l(4) is divided by o?
7
Suppose 0 = -5*l + 3*a + 22165, -5*l + 11215 = 3*a - 10920. What is the remainder when l is divided by 13?
10
Let n = 12 +